se 10
1664835
What is -a6323 (base 14) in base 10?
-401243
What is -6650633 (base 7) in base 10?
-819059
3f03c (base 16) to base 12
105450
101101110101111101001 (base 2) to base 5
341032220
Convert 52aa6 (base 16) to base 9.
565420
101021013312 (base 4) to base 15
5db779
What is -1356625 (base 11) in base 16?
-23a792
Convert 42123221 (base 6) to base 9.
2265204
What is 19c92 (base 14) in base 5?
4044332
Convert 283056 (base 11) to base 3.
211112001221
Convert 10411060 (base 9) to base 12.
1824a39
Convert -1727419 (base 12) to base 4.
-102033132111
What is -2b86b0 (base 12) in base 4?
-2310303210
Convert -2012002022 (base 3) to base 8.
-124101
Convert 5052004 (base 6) to base 4.
322221010
Convert -1062679 (base 10) to base 8.
-4033427
What is -1bc3c6 (base 16) in base 2?
-110111100001111000110
What is a1641 (base 11) in base 3?
21112201110
10100111001001101 (base 2) to base 10
85581
-31004440 (base 5) to base 8
-751374
What is -dd5e7 (base 16) in base 5?
-213003402
-25234 (base 11) to base 16
-8d78
232425225 (base 6) to base 8
20403461
Convert 3250353 (base 12) to base 7.
144154053
What is -12551671 (base 8) in base 4?
-22231032321
Convert 4854783 (base 12) to base 9.
28377800
231211032 (base 4) to base 16
2d94e
What is -7f60d3 (base 16) in base 3?
-120201010002222
-292152 (base 12) to base 6
-22424542
9700640 (base 10) to base 6
543530212
-2b6ca1 (base 13) to base 9
-2013570
What is 111212010122020 (base 3) in base 9?
14763566
Convert 2100201021021 (base 3) to base 7.
13442125
Convert 1637334 (base 9) to base 16.
de5cb
Convert -6676238 (base 10) to base 16.
-65df0e
1f2b2 (base 16) to base 14
34750
Convert 512055 (base 6) to base 11.
28599
Convert 111011102022010 (base 3) to base 10.
6995703
30044201 (base 5) to base 16
39f72
743d6 (base 14) to base 15
5825e
Convert -1848 (base 14) to base 10.
-4376
-40603 (base 10) to base 11
-28562
What is 2320022123 (base 4) in base 11?
475816
What is -100001001111111011 (base 2) in base 5?
-13324222
-951 (base 14) to base 16
-72b
Convert -11001110010110010001110 (base 2) to base 10.
-6761614
Convert -2883727 (base 10) to base 3.
-12102111201201
54904 (base 11) to base 8
233406
What is a2320 (base 15) in base 9?
862603
What is -11102010220102 (base 3) in base 15?
-314cb8
Convert -3021032102 (base 4) to base 16.
-c9392
What is 26343 (base 10) in base 13?
bcb5
f543d1 (base 16) to base 9
33217845
What is -15ed13 (base 16) in base 13?
-3b4085
Convert -74739 (base 10) to base 15.
-17229
What is 201251 (base 6) in base 5?
1001441
Convert 10202100012002 (base 3) to base 10.
1994681
-966c0 (base 14) to base 7
-3042630
-134110442 (base 6) to base 8
-12267232
What is -1387a0 (base 14) in base 13?
-1a8c23
Convert -a93285 (base 14) to base 8.
-25674565
What is -2067939 (base 13) in base 15?
-ce61dc
1000001111111001111010 (base 2) to base 14
40401c
-b93f4 (base 16) to base 12
-307130
Convert 9029 (base 13) to base 7.
111515
12261625 (base 7) to base 16
10e63d
Convert b1397 (base 13) to base 5.
40120444
Convert -169910 (base 12) to base 3.
-201211010110
Convert a46685 (base 11) to base 7.
20155530
What is -12203131201 (base 4) in base 15?
-23e10d
What is 2051558 (base 9) in base 15?
169eee
630625 (base 8) to base 15
42036
What is -3333031022 (base 4) in base 2?
-11111111001101001010
Convert 105450 (base 9) to base 10.
63063
Convert 3a661a0 (base 11) to base 7.
113452064
What is -214540445 (base 6) in base 4?
-32300311031
Convert -b06534 (base 16) to base 15.
-10353ce
946020 (base 10) to base 16
e6f64
Convert -25aa8 (base 16) to base 15.
-30aa5
What is 58f0b (base 16) in base 15?
72e19
442521410 (base 6) to base 7
124525641
Convert 46723426 (base 8) to base 7.
152464046
What is 22132024 (base 5) in base 13?
69980
110596a (base 11) to base 9
3576685
Convert -122101112120 (base 3) to base 9.
-571476
Convert -71483d (base 14) to base 5.
-1434101113
Convert -2883db (base 14) to base 7.
-14643164
Convert -376132 (base 8) to base 9.
-217457
-12330115 (base 6) to base 10
-400511
What is -20211121221120 (base 3) in base 4?
-31313031222
What is 1001000000101110011 (base 2) in base 10?
295283
What is 20220012022212 (base 3) in base 10?
3664922
Convert 223312023 (base 4) to base 2.
101011110110001011
-12110232112 (base 4) to base 3
-10010020000011
What is 314a15 (base 13) in base 8?
4313650
What is -11302120 (base 4) in base 13?
-aa35
-100001110101001000011 (base 2) to base 10
-1108547
What is 27417 (base 15) in base 5?
13011142
Convert 194227 (base 10) to base 8.
573263
Convert 108532 (base 10) to base 4.
122133310
Convert -130233515 (base 6) to base 10.
-2539703
Convert -3e9024 (base 16) to base 15.
-55ecc2
-175e83 (base 16) to base 6
-52454215
What is 644543 (base 10) in base 13?
1974b3
Convert 631ac4 (base 13) to base 9.
4321886
-661913 (base 12) to base 15
-2201ec
What is 4d214 (base 14) in base 10?
189746
Convert -4732980 (base 11) to base 8.
-37407363
What is 2613c (base 13) in base 15?
15d69
Convert -150323133 (base 7) to base 3.
-200200221112020
-7988c (base 16) to base 10
-497804
Convert -5aa133 (base 11) to base 15.
-140e72
-31346150 (base 7) to base 12
-a799a5
Convert 194020 (base 12) to base 14.
b7316
Convert -59b4d0 (base 15) to base 12.
-152b080
-954a11 (base 11) to base 6
-52435402
-1020040401 (base 5) to base 4
-20003213220
Convert -173822 (base 9) to base 6.
-2151115
Convert 22615 (base 8) to base 10.
9613
What is -140555104 (base 6) in base 14?
-541184
Convert -2564a3 (base 12) to base 9.
-1133056
-210120311202 (base 4) to base 9
-18847833
-11212012011 (base 3) to base 5
-11030023
Convert 1012330 (base 4) to base 6.
33004
-24696a (base 13) to base 6
-30403141
Convert 26107752 (base 8) to base 4.
112020333222
What is -1302612 (base 10) in base 5?
-313140422
-1932203 (base 11) to base 4
-30131310022
Convert 32535312 (base 6) to base 5.
222231314
Convert 12a968 (base 11) to base 6.
4220102
What is -110010110111101001110 (base 2) in base 8?
-6267516
Convert -1000011100100011001 (base 2) to base 5.
-32324021
41583b (base 13) to base 12
617208
Convert 71176 (base 12) to base 10.
147114
Convert 219001 (base 16) to base 7.
24460456
-4481305 (base 11) to base 9
-15683156
What is -11917b (base 13) in base 10?
-419898
What is 8340 (base 12) in base 10?
14304
-9f3e7 (base 16) to base 8
-2371747
What is 3127603 (base 9) in base 10?
1672086
What is 13242533 (base 6) in base 9?
742273
Convert 2148660 (base 10) to base 7.
24156213
-2a8279 (base 14) to base 6
-51434151
-1947277 (base 11) to base 7
-36646404
170e38 (base 15) to base 3
2002202011122
What is 103515503 (base 6) in base 16?
1c659f
-807a (base 13) to base 16
-450d
Convert 1414420 (base 5) to base 2.
111001010110000
2ca1a (base 13) to base 9
138775
32202063 (base 7) to base 16
29d030
11112010211122 (base 3) to base 10
2404124
Convert 121120301 (base 4) to base 8.
313061
What is 2002545 (base 7) in base 3?
110000002110
1443123 (base 8) to base 3
202220002100
What is 13387251 (base 9) in base 10?
6612238
What is -1115763 (base 8) in base 10?
-302067
Convert 1b10392 (base 12) to base 11.
3273955
Convert 12101021110 (base 3) to base 10.
105906
1446d7e (base 15) to base 11
82a9785
2446329 (base 11) to base 14
7ca566
11000010000010010 (base 2) to base 7
562432
Convert -1024440410 (base 5) to base 7.
-24406015
Convert -23423214 (base 5) to base 8.
-650335
-4035352 (base 7) to base 12
-1b172a
Convert -f82c2 (base 16) to base 14.
-1c6642
Convert 13546043 (base 7) to base 5.
311202333
Convert 4d4ad (base 16) to base 4.
1031102231
What is 222304223 (base 6) in base 4?
33121201113
What is -3916348 (base 11) in base 8?
-31710160
What is 2424043 (base 8) in base 4?
2202200203
What is -11000011111011000100 (base 2) in base 5?
-201140000
-13137a (base 12) to base 15
-62c64
-10001101000111011 (base 2) to base 15
-1661b
-624d66 (base 16) to base 10
-6442342
Convert -151a8 (base 11) to base 15.
-65aa
-101000100010010 (base 2) to base 10
-20754
Convert -10203333200 (base 4) to base 16.
-123fe0
Convert -4ca98 (base 16) to base 7.
-2445322
18a671 (base 13) to base 8
2300411
Convert 32523551 (base 7) to base 4.
22222220222
-160707 (base 8) to base 9
-87251
Convert 5624705 (base 8) to base 10.
1518021
What is -5295891 (base 10) in base 4?
-110030330103
Convert 101033231 (base 4) to base 10.